digit of 741232780?
7
What is the units digit of 963088167?
7
What is the units digit of 41327160?
0
What is the units digit of 343105492?
2
What is the thousands digit of 153122082?
2
What is the hundred millions digit of 120003714?
1
What is the ten thousands digit of 3640996697?
9
What is the tens digit of 490814006?
0
What is the hundreds digit of 9575304?
3
What is the ten thousands digit of 281218067?
1
What is the hundred thousands digit of 2897500750?
5
What is the hundreds digit of 246672683?
6
What is the units digit of 577938779?
9
What is the tens digit of 26669661?
6
What is the ten millions digit of 155607746?
5
What is the units digit of 3480043262?
2
What is the units digit of 1382424494?
4
What is the ten thousands digit of 98679549?
7
What is the thousands digit of 145901661?
1
What is the hundreds digit of 732144413?
4
What is the ten millions digit of 114852630?
1
What is the ten thousands digit of 143149751?
4
What is the units digit of 795528452?
2
What is the ten thousands digit of 64476143?
7
What is the units digit of 29497733?
3
What is the hundred thousands digit of 187652402?
6
What is the hundreds digit of 81970189?
1
What is the units digit of 184398837?
7
What is the thousands digit of 7839642056?
2
What is the millions digit of 2214162702?
4
What is the units digit of 7190747887?
7
What is the tens digit of 75115937?
3
What is the ten millions digit of 15259701?
1
What is the ten millions digit of 66574643?
6
What is the ten millions digit of 528177696?
2
What is the millions digit of 7277243?
7
What is the millions digit of 1708932700?
8
What is the units digit of 4231510403?
3
What is the hundreds digit of 39655331?
3
What is the millions digit of 25039734?
5
What is the ten thousands digit of 129427460?
2
What is the ten thousands digit of 42894685?
9
What is the hundred thousands digit of 3863506130?
5
What is the tens digit of 110271978?
7
What is the ten millions digit of 1706181155?
0
What is the thousands digit of 341612679?
2
What is the hundreds digit of 909023924?
9
What is the tens digit of 1204978518?
1
What is the hundred millions digit of 335521825?
3
What is the millions digit of 27886630?
7
What is the units digit of 29457499?
9
What is the tens digit of 336661176?
7
What is the hundreds digit of 267448100?
1
What is the hundred thousands digit of 61806862?
8
What is the thousands digit of 954496309?
6
What is the hundred thousands digit of 640540964?
5
What is the thousands digit of 474229520?
9
What is the units digit of 2672641374?
4
What is the ten millions digit of 62748132?
6
What is the thousands digit of 2179794612?
4
What is the billions digit of 1782677208?
1
What is the tens digit of 274683338?
3
What is the ten thousands digit of 175823110?
2
What is the ten millions digit of 20751858?
2
What is the hundred thousands digit of 168977981?
9
What is the units digit of 62321568?
8
What is the ten millions digit of 69672131?
6
What is the ten millions digit of 52048728?
5
What is the thousands digit of 78289?
8
What is the ten thousands digit of 925524617?
2
What is the millions digit of 1858511680?
8
What is the units digit of 3549419745?
5
What is the hundred thousands digit of 1211332980?
3
What is the hundred thousands digit of 2104753909?
7
What is the ten millions digit of 50183441?
5
What is the tens digit of 20787264?
6
What is the tens digit of 1272472917?
1
What is the thousands digit of 64922457?
2
What is the hundreds digit of 22191024?
0
What is the thousands digit of 445144077?
4
What is the units digit of 8378267?
7
What is the tens digit of 2743740710?
1
What is the hundred thousands digit of 41779089?
7
What is the units digit of 19600568?
8
What is the billions digit of 2774970172?
2
What is the ten thousands digit of 247376661?
7
What is the ten millions digit of 92211170?
9
What is the thousands digit of 177616115?
6
What is the tens digit of 196851905?
0
What is the thousands digit of 190789857?
9
What is the thousands digit of 5941954622?
4
What is the hundreds digit of 5132385?
3
What is the hundreds digit of 4454175920?
9
What is the tens digit of 559910286?
8
What is the ten millions digit of 1136986920?
3
What is the units digit of 336755402?
2
What is the hundred thousands digit of 11054593?
0
What is the tens digit of 1007753701?
0
What is the ten thousands digit of 177840749?
4
What is the thousands digit of 594924531?
4
What is the ten thousands digit of 45048771?
4
What is the units digit of 31486753?
3
What is the millions digit of 567942568?
7
What is the hundreds digit of 144685?
6
What is the millions digit of 74103923?
4
What is the ten millions digit of 88033525?
8
What is the tens digit of 1388899448?
4
What is the ten thousands digit of 253345738?
4
What is the hundred thousands digit of 134443240?
4
What is the ten thousands digit of 18885001?
8
What is the hundred thousands digit of 1093492025?
4
What is the units digit of 127775773?
3
What is the ten millions digit of 281911794?
8
What is the units digit of 147535094?
4
What is the ten millions digit of 1422914275?
2
What is the thousands digit of 69007999?
7
What is the ten thousands digit of 40502837?
0
What is the millions digit of 31923734?
1
What is the hundred thousands digit of 39617082?
6
What is the millions digit of 6352288958?
2
What is the ten thousands digit of 538869015?
6
What is the tens digit of 67494672?
7
What is the ten millions digit of 824516178?
2
What is the units digit of 6867709?
9
What is the hundreds digit of 86001377?
3
What is the hundreds digit of 88178105?
1
What is the hundreds digit of 757163894?
8
What is the hundreds digit of 62616213?
2
What is the millions digit of 30487095?
0
What is the units digit of 28288293?
3
What is the ten millions digit of 1543560109?
4
What is the thousands digit of 2567321391?
1
What is the units digit of 73499768?
8
What is the hundred millions digit of 459780612?
4
What is the thousands digit of 2870333074?
3
What is the ten thousands digit of 513152359?
5
What is the hundred millions digit of 401329268?
4
What is the units digit of 8741673563?
3
What is the hundred thousands digit of 63224391?
2
What is the units digit of 1048178539?
9
What is the millions digit of 49595344?
9
What is the hundreds digit of 84690588?
5
What is the ten thousands digit of 316890679?
9
What is the thousands digit of 79668248?
8
What is the ten millions digit of 207234867?
0
What is the hundred millions digit of 219928791?
2
What is the ten millions digit of 2533499358?
3
What is the units digit of 26198882?
2
What is the hundreds digit of 426012874?
8
What is the hundred thousands digit of 556797763?
7
What is the hundreds digit of 142922481?
4
What is the ten millions digit of 84588864?
8
What is the hundred millions digit of 3249237881?
2
What is the ten thousands digit of 4400347177?
4
What is the hundred thousands digit of 46603696?
6
What is the billions digit of 1012717417?
1
What is the hundred millions digit of 160615275?
1
What is the hundred thousands digit of 38538157?
5
What is the hundred thousands digit of 432678101?
6
What is the ten thousands digit of 72364089?
6
What is the hundred thousands digit of 96947701?
9
What is the hundred millions digit of 1172626863?
1
What is the ten thousands digit of 43417688?
1
What is the hundreds digit of 14914791?
7
What is the hundreds digit of 508692733?
7
What is the hundreds digit of 50293418?
4
What is the units digit of 73514734?
4
What is the tens digit of 34508570?
7
What is the hundred thousands digit of 128713807?
7
What is the hundreds digit of 98145280?
2
What is the ten millions digit of 96068876?
9
What is the hundreds digit of 27744734?
7
What is the ten thousands digit of 3373025202?
2
What is the ten thousands digit of 227076528?
7
What is the hundreds digit of 143899081?
0
What is the millions digit of 4552413305?
2
What is the tens digit of 5295673852?
5
What is the millions digit of 71872890?
1
What is the millions digit of 128360203?
8
What is the units digit of 18681389?
9
What is the tens digit of 68978963?
6
What is the thousands digit of 4082908?
2
What is the hundred thousands digit of 1077322159?
3
What is the ten thousands digit of 14769155?
6
What is the hundred mil